er when 53043633 is divided by 405.
378
Calculate the remainder when 5201516 is divided by 126866.
10
What is the remainder when 724045 is divided by 96?
13
Calculate the remainder when 305854 is divided by 172.
38
What is the remainder when 227645242 is divided by 73?
71
Calculate the remainder when 10029742 is divided by 11219.
11175
Calculate the remainder when 20433 is divided by 6107.
2112
What is the remainder when 192669 is divided by 107?
69
What is the remainder when 33542 is divided by 1572?
530
Calculate the remainder when 7620484 is divided by 8292.
136
What is the remainder when 164172 is divided by 79?
10
Calculate the remainder when 5650879 is divided by 58.
55
What is the remainder when 6420316 is divided by 2140098?
22
Calculate the remainder when 14744263 is divided by 5773.
21
Calculate the remainder when 678229 is divided by 94.
19
Calculate the remainder when 479208 is divided by 159715.
63
Calculate the remainder when 152427 is divided by 157.
137
What is the remainder when 419632 is divided by 139875?
7
Calculate the remainder when 28496 is divided by 1797.
1541
What is the remainder when 13886707 is divided by 3979?
3976
What is the remainder when 3048554 is divided by 423?
416
What is the remainder when 4946719 is divided by 11?
8
Calculate the remainder when 70749 is divided by 3222.
3087
Calculate the remainder when 3513337 is divided by 121141.
248
Calculate the remainder when 5960860 is divided by 5375.
5360
What is the remainder when 1123270 is divided by 470?
440
Calculate the remainder when 14364676 is divided by 5631.
5626
What is the remainder when 4147106 is divided by 710?
706
What is the remainder when 108077207 is divided by 36025733?
8
What is the remainder when 1877096 is divided by 8056?
48
What is the remainder when 51645553 is divided by 1521?
1519
What is the remainder when 223702 is divided by 46?
4
What is the remainder when 1123389 is divided by 562?
513
What is the remainder when 2404172 is divided by 1202076?
20
What is the remainder when 503018 is divided by 2454?
2402
What is the remainder when 6187127 is divided by 15?
2
Calculate the remainder when 1020108 is divided by 102010.
8
What is the remainder when 567988 is divided by 567925?
63
What is the remainder when 16981565 is divided by 28?
13
What is the remainder when 90432 is divided by 44150?
2132
Calculate the remainder when 55996 is divided by 13561.
1752
Calculate the remainder when 248613 is divided by 1036.
1009
Calculate the remainder when 208345426 is divided by 386.
382
Calculate the remainder when 1066864 is divided by 852.
160
Calculate the remainder when 17549 is divided by 17502.
47
Calculate the remainder when 4333522 is divided by 26750.
22
What is the remainder when 568899 is divided by 1466?
91
What is the remainder when 1190340 is divided by 20?
0
What is the remainder when 895351 is divided by 899?
846
What is the remainder when 860511 is divided by 246?
3
What is the remainder when 343996 is divided by 1381?
127
What is the remainder when 66639 is divided by 16519?
563
What is the remainder when 24799991 is divided by 82943?
34
Calculate the remainder when 713343 is divided by 158.
131
Calculate the remainder when 78493 is divided by 13004.
469
Calculate the remainder when 7762012 is divided by 2587336.
4
What is the remainder when 27629 is divided by 5106?
2099
Calculate the remainder when 509855 is divided by 4166.
1603
What is the remainder when 6137475 is divided by 112?
99
Calculate the remainder when 20466571 is divided by 2261.
2260
Calculate the remainder when 14239343 is divided by 118.
47
Calculate the remainder when 15303860 is divided by 41.
36
What is the remainder when 1253662 is divided by 250501?
1157
Calculate the remainder when 8185922 is divided by 1637181.
17
What is the remainder when 12637808 is divided by 11789?
0
What is the remainder when 5365903 is divided by 15?
13
What is the remainder when 47087 is divided by 23356?
375
What is the remainder when 5994663 is divided by 9352?
31
What is the remainder when 27635323 is divided by 239?
231
What is the remainder when 4315794 is divided by 105263?
11
Calculate the remainder when 196827 is divided by 28116.
15
Calculate the remainder when 6235130 is divided by 106.
104
What is the remainder when 46602 is divided by 2815?
1562
Calculate the remainder when 4850610 is divided by 269.
2
Calculate the remainder when 2451147 is divided by 5096.
5067
What is the remainder when 4197795 is divided by 61?
19
What is the remainder when 1474759 is divided by 163860?
19
What is the remainder when 5857373 is divided by 732140?
253
Calculate the remainder when 33527 is divided by 11095.
242
Calculate the remainder when 20920112 is divided by 475457.
4
What is the remainder when 14064243 is divided by 23?
19
Calculate the remainder when 7755639 is divided by 163.
99
What is the remainder when 6588816 is divided by 506827?
65
Calculate the remainder when 4125021 is divided by 7783.
31
What is the remainder when 7673231 is divided by 178447?
10
Calculate the remainder when 3994825 is divided by 595.
590
Calculate the remainder when 423539894 is divided by 377.
375
What is the remainder when 133856 is divided by 33411?
212
Calculate the remainder when 5371699 is divided by 234.
229
What is the remainder when 1762767 is divided by 587554?
105
What is the remainder when 11454130 is divided by 1352?
1338
Calculate the remainder when 6367673 is divided by 2671.
9
Calculate the remainder when 5601596 is divided by 4322.
284
Calculate the remainder when 36633143 is divided by 249205.
8
Calculate the remainder when 16808344 is divided by 2101043.
0
What is the remainder when 113830 is divided by 4195?
565
Calculate the remainder when 30752 is divided by 5650.
2502
Calculate the remainder when 803054 is divided by 212.
210
Calculate the remainder when 3203723 is divided by 4035.
3968
Calculate the remainder when 619543 is divided by 617060.
2483
Calculate the remainder when 65245 is divided by 4576.
1181
What is the remainder when 1937567 is divided by 60?
47
What is the remainder when 86080113 is divided by 8608009?
23
What is the remainder when 51511 is divided by 1436?
1251
Calculate the remainder when 841709 is divided by 29020.
129
What is the remainder when 136882 is divided by 234?
226
What is the remainder when 4540092 is divided by 3519?
582
Calculate the remainder when 7027357 is divided by 686.
659
What is the remainder when 2384494 is divided by 24?
22
Calculate the remainder when 8487353 is divided by 37.
34
Calculate the remainder when 3996702 is divided by 2717.
2712
Calculate the remainder when 399934 is divided by 639.
559
Calculate the remainder when 24967 is divided by 4796.
987
What is the remainder when 1409674 is divided by 18795?
49
What is the remainder when 1030779517 is divided by 128?
125
What is the remainder when 34021650 is divided by 1898?
0
Calculate the remainder when 55247728 is divided by 5524772.
8
What is the remainder when 404574137 is divided by 67?
64
Calculate the remainder when 1920978 is divided by 47.
41
What is the remainder when 8217 is divided by 1615?
142
What is the remainder when 6925 is divided by 3174?
577
Calculate the remainder when 190189258 is divided by 30.
28
Calculate the remainder when 15198864 is divided by 337752.
24
What is the remainder when 73286220 is divided by 561?
546
Calculate the remainder when 1370610 is divided by 2277.
2133
Calculate the remainder when 38380050 is divided by 783266.
16
Calculate the remainder when 1831872 is divided by 30526.
312
Calculate the remainder when 2262572 is divided by 933.
47
What is the remainder when 2322600 is divided by 774194?
18
What is the remainder when 94024 is divided by 1063?
480
What is the remainder when 1461654 is divided by 158?
154
Calculate the remainder when 25618 is divided by 51.
16
Calculate the remainder when 50573 is divided by 3660.
2993
Calculate the remainder when 43474549 is divided by 8694892.
89
What is the remainder when 3107 is divided by 402?
293
What is the remainder when 108172 is divided by 8964?
604
Calculate the remainder when 575525 is divided by 191840.
5
What is the remainder when 26713287 is divided by 3964?
3855
What is the rem